git of 311251?
1
What is the units digit of 27054438?
8
What is the ten thousands digit of 173085?
7
What is the ten thousands digit of 2286587?
8
What is the millions digit of 1523533?
1
What is the thousands digit of 708340?
8
What is the tens digit of 262803?
0
What is the hundreds digit of 4276887?
8
What is the ten thousands digit of 10610546?
1
What is the millions digit of 2423655?
2
What is the thousands digit of 6814731?
4
What is the ten thousands digit of 58877?
5
What is the units digit of 381562?
2
What is the thousands digit of 2925369?
5
What is the thousands digit of 1205358?
5
What is the hundreds digit of 967594?
5
What is the hundreds digit of 18816375?
3
What is the hundreds digit of 1919956?
9
What is the tens digit of 1470404?
0
What is the units digit of 34329939?
9
What is the thousands digit of 931657?
1
What is the hundreds digit of 113980?
9
What is the hundreds digit of 56506?
5
What is the thousands digit of 4837719?
7
What is the ten thousands digit of 214572?
1
What is the units digit of 1470728?
8
What is the thousands digit of 75764?
5
What is the thousands digit of 68233?
8
What is the thousands digit of 205413?
5
What is the tens digit of 2322066?
6
What is the units digit of 234468?
8
What is the hundreds digit of 222514?
5
What is the hundreds digit of 116372?
3
What is the hundreds digit of 246727?
7
What is the hundreds digit of 2864779?
7
What is the ten millions digit of 19766958?
1
What is the thousands digit of 1452711?
2
What is the tens digit of 130322?
2
What is the hundreds digit of 4661515?
5
What is the millions digit of 2187053?
2
What is the thousands digit of 102443?
2
What is the tens digit of 165119?
1
What is the hundreds digit of 1122195?
1
What is the hundred thousands digit of 15067089?
0
What is the hundred thousands digit of 2111495?
1
What is the tens digit of 66398?
9
What is the tens digit of 8258946?
4
What is the tens digit of 74160?
6
What is the millions digit of 3069329?
3
What is the ten thousands digit of 3233059?
3
What is the units digit of 1545846?
6
What is the hundred thousands digit of 277706?
2
What is the ten thousands digit of 114820?
1
What is the ten thousands digit of 3920159?
2
What is the units digit of 264108?
8
What is the hundred thousands digit of 2984542?
9
What is the ten thousands digit of 735817?
3
What is the thousands digit of 18243016?
3
What is the hundred thousands digit of 265272?
2
What is the thousands digit of 1541655?
1
What is the millions digit of 3732047?
3
What is the hundred thousands digit of 673507?
6
What is the hundreds digit of 32057997?
9
What is the units digit of 393393?
3
What is the ten thousands digit of 4465182?
6
What is the thousands digit of 231541?
1
What is the units digit of 558720?
0
What is the tens digit of 5037870?
7
What is the ten thousands digit of 18365742?
6
What is the units digit of 164287?
7
What is the ten thousands digit of 360992?
6
What is the ten thousands digit of 2059462?
5
What is the tens digit of 222576?
7
What is the hundreds digit of 111170?
1
What is the thousands digit of 3947933?
7
What is the thousands digit of 651754?
1
What is the units digit of 57098?
8
What is the units digit of 64966?
6
What is the hundred thousands digit of 309955?
3
What is the units digit of 610508?
8
What is the ten thousands digit of 1468161?
6
What is the thousands digit of 4867355?
7
What is the units digit of 315515?
5
What is the tens digit of 59989?
8
What is the ten thousands digit of 269869?
6
What is the units digit of 283916?
6
What is the hundreds digit of 704738?
7
What is the hundred thousands digit of 6553507?
5
What is the hundreds digit of 1197330?
3
What is the units digit of 2717637?
7
What is the millions digit of 22528629?
2
What is the units digit of 141659?
9
What is the thousands digit of 2245650?
5
What is the thousands digit of 3655627?
5
What is the units digit of 15155449?
9
What is the units digit of 214493?
3
What is the ten thousands digit of 8665038?
6
What is the hundred thousands digit of 1732406?
7
What is the tens digit of 653408?
0
What is the hundreds digit of 515354?
3
What is the millions digit of 1429870?
1
What is the units digit of 1421657?
7
What is the tens digit of 7146355?
5
What is the ten thousands digit of 529151?
2
What is the thousands digit of 2780092?
0
What is the units digit of 208591?
1
What is the thousands digit of 11529308?
9
What is the hundreds digit of 538632?
6
What is the hundred thousands digit of 429074?
4
What is the hundreds digit of 18720352?
3
What is the hundred thousands digit of 1636867?
6
What is the millions digit of 6874125?
6
What is the millions digit of 1490636?
1
What is the millions digit of 7767374?
7
What is the units digit of 1905243?
3
What is the ten thousands digit of 22245554?
4
What is the units digit of 4877?
7
What is the ten thousands digit of 284845?
8
What is the thousands digit of 251289?
1
What is the thousands digit of 17533062?
3
What is the hundred thousands digit of 448411?
4
What is the ten thousands digit of 266664?
6
What is the hundred thousands digit of 772980?
7
What is the ten thousands digit of 236289?
3
What is the tens digit of 24610363?
6
What is the ten thousands digit of 1836453?
3
What is the tens digit of 421343?
4
What is the ten thousands digit of 8012358?
1
What is the thousands digit of 1552256?
2
What is the hundreds digit of 156769?
7
What is the hundreds digit of 2068048?
0
What is the hundred thousands digit of 3526504?
5
What is the ten thousands digit of 204014?
0
What is the units digit of 1107133?
3
What is the ten thousands digit of 6947544?
4
What is the ten thousands digit of 769378?
6
What is the thousands digit of 417405?
7
What is the tens digit of 5023411?
1
What is the millions digit of 2335890?
2
What is the tens digit of 150466?
6
What is the millions digit of 19287417?
9
What is the ten thousands digit of 7118217?
1
What is the hundreds digit of 15855172?
1
What is the ten thousands digit of 593688?
9
What is the millions digit of 10873250?
0
What is the ten thousands digit of 15527228?
2
What is the units digit of 8282287?
7
What is the ten thousands digit of 19322427?
2
What is the millions digit of 19566925?
9
What is the hundreds digit of 1281553?
5
What is the ten thousands digit of 397323?
9
What is the tens digit of 582562?
6
What is the tens digit of 502202?
0
What is the hundreds digit of 37703?
7
What is the thousands digit of 9767272?
7
What is the hundreds digit of 209018?
0
What is the hundred thousands digit of 17203339?
2
What is the units digit of 245409?
9
What is the thousands digit of 1025737?
5
What is the units digit of 147656?
6
What is the millions digit of 13485663?
3
What is the hundred thousands digit of 2685888?
6
What is the millions digit of 1964576?
1
What is the hundreds digit of 10816366?
3
What is the hundred thousands digit of 17150121?
1
What is the tens digit of 5551161?
6
What is the units digit of 394466?
6
What is the hundreds digit of 20490696?
6
What is the tens digit of 595514?
1
What is the units digit of 875014?
4
What is the millions digit of 1529806?
1
What is the tens digit of 316688?
8
What is the millions digit of 5253982?
5
What is the ten thousands digit of 152951?
5
What is the hundred thousands digit of 452038?
4
What is the millions digit of 1353895?
1
What is the tens digit of 4392421?
2
What is the hundreds digit of 25028808?
8
What is the hundreds digit of 216084?
0
What is the hundreds digit of 2033454?
4
What is the hundred thousands digit of 127509?
1
What is the hundreds digit of 395180?
1
What is the thousands digit of 6644442?
4
What is the hundred thousands digit of 338846?
3
What is the hundreds digit of 5953563?
5
What is the hundred thousands digit of 314008?
3
What is the units digit of 204291?
1
What is the ten thousands digit of 107635?
0
What is the ten thousands digit of 21046?
2
What is the hundred thousands digit of 9015861?
0
What is the tens digit of 629494?
9
What is the units digit of 821218?
8
What is the tens digit of 1845567?
6
What is the millions digit of 2453280?
2
What is the hundreds digit of 19587325?
3
What is the hundreds digit of 168505?
5
What is the tens digit of 2707935?
3
What is the t